What are the prime factors of 605135?
5, 37, 3271
List the prime factors of 472503.
3, 239, 659
What are the prime factors of 299772?
2, 3, 11, 757
What are the prime factors of 3487918?
2, 7, 35591
List the prime factors of 1480635.
3, 5, 13, 2531
List the prime factors of 39430983.
3, 13143661
What are the prime factors of 13538315?
5, 7, 386809
What are the prime factors of 5332058?
2, 2666029
What are the prime factors of 3968451?
3, 440939
What are the prime factors of 495247?
449, 1103
What are the prime factors of 488047?
7, 113, 617
What are the prime factors of 2918479?
2918479
What are the prime factors of 15460749?
3, 1717861
List the prime factors of 4721523.
3, 661, 2381
What are the prime factors of 3921202?
2, 61, 32141
What are the prime factors of 3576079?
13, 275083
List the prime factors of 163057.
41, 97
List the prime factors of 3210439.
67, 47917
List the prime factors of 392882.
2, 7, 19, 211
What are the prime factors of 1882331?
11, 211, 811
List the prime factors of 1062680.
2, 5, 31, 857
List the prime factors of 951924.
2, 3, 23, 3449
What are the prime factors of 271147?
23, 11789
What are the prime factors of 79016?
2, 7, 17, 83
What are the prime factors of 1903112?
2, 23, 10343
List the prime factors of 1438797.
3, 479599
What are the prime factors of 258322?
2, 53, 2437
List the prime factors of 182504.
2, 7, 3259
List the prime factors of 475246.
2, 293, 811
List the prime factors of 1122057.
3, 124673
What are the prime factors of 215380?
2, 5, 11, 89
What are the prime factors of 1627904?
2, 6359
What are the prime factors of 591456?
2, 3, 61, 101
What are the prime factors of 113781?
3, 17, 23, 97
What are the prime factors of 11793230?
2, 5, 1179323
List the prime factors of 155537.
155537
What are the prime factors of 400088?
2, 13, 3847
What are the prime factors of 931016?
2, 29, 4013
What are the prime factors of 19099741?
197, 96953
What are the prime factors of 515790?
2, 3, 5, 11, 521
List the prime factors of 10038188.
2, 101, 24847
List the prime factors of 833534.
2, 13, 32059
List the prime factors of 5972017.
5972017
List the prime factors of 556.
2, 139
What are the prime factors of 999940?
2, 5, 17, 173
What are the prime factors of 443964?
2, 3, 36997
List the prime factors of 1135670.
2, 5, 113567
What are the prime factors of 11636329?
1697, 6857
What are the prime factors of 462914?
2, 59, 3923
What are the prime factors of 5854451?
19, 308129
What are the prime factors of 405846?
2, 3, 7, 3221
List the prime factors of 602270.
2, 5, 229, 263
What are the prime factors of 65540?
2, 5, 29, 113
What are the prime factors of 589898?
2, 294949
What are the prime factors of 7652589?
3, 7, 307, 1187
List the prime factors of 306061.
7, 23, 1901
What are the prime factors of 10625742?
2, 3, 107, 613
List the prime factors of 18740574.
2, 3, 19, 37, 1481
List the prime factors of 165059.
165059
List the prime factors of 96772.
2, 13, 1861
List the prime factors of 164576.
2, 37, 139
List the prime factors of 6875026.
2, 1229, 2797
List the prime factors of 69362.
2, 79, 439
What are the prime factors of 523918?
2, 261959
What are the prime factors of 172346?
2, 17, 37, 137
List the prime factors of 587762.
2, 7, 41983
What are the prime factors of 254365?
5, 50873
List the prime factors of 281241.
3, 31249
List the prime factors of 997137.
3, 36931
List the prime factors of 31843.
7, 4549
List the prime factors of 221549.
221549
List the prime factors of 1382660.
2, 5, 257, 269
List the prime factors of 87489.
3, 9721
What are the prime factors of 94729?
43, 2203
List the prime factors of 7513582.
2, 3756791
What are the prime factors of 173011?
31, 5581
List the prime factors of 38181.
3, 11, 13, 89
What are the prime factors of 3847879?
7, 181, 3037
What are the prime factors of 16163547?
3, 19, 283571
List the prime factors of 23350969.
1949, 11981
List the prime factors of 1264230.
2, 3, 5, 11, 1277
What are the prime factors of 20497230?
2, 3, 5, 13, 17519
List the prime factors of 133007.
7, 19001
List the prime factors of 159660.
2, 3, 5, 887
What are the prime factors of 3247643?
7, 463949
What are the prime factors of 15808735?
5, 43, 73529
List the prime factors of 31703890.
2, 5, 23, 307, 449
What are the prime factors of 76771?
76771
What are the prime factors of 126624?
2, 3, 1319
List the prime factors of 12163027.
59, 206153
What are the prime factors of 2326251?
3, 775417
List the prime factors of 221998.
2, 7, 101, 157
List the prime factors of 21806297.
21806297
What are the prime factors of 214971?
3, 131, 547
List the prime factors of 27130744.
2, 3391343
What are the prime factors of 186848?
2, 5839
List the prime factors of 107312.
2, 19, 353
What are the prime factors of 1868664?
2, 3, 7, 227
List the prime factors of 278794.
2, 139397
What are the prime factors of 8487896?
2, 17, 139, 449
List the prime factors of 714746.
2, 43, 8311
List the prime factors of 7639922.
2, 103, 37087
List the prime factors of 4370341.
1471, 2971
List the prime factors of 2844065.
5, 7, 23, 3533
What are the prime factors of 1743873?
3, 137, 4243
What are the prime factors of 1266643?
7, 180949
What are the prime factors of 765049?
23, 29, 31, 37
List the prime factors of 32136224.
2, 509, 1973
What are the prime factors of 11404255?
5, 61, 139, 269
List the prime factors of 319228.
2, 7, 13, 877
What are the prime factors of 5626076?
2, 23, 61153
What are the prime factors of 1790901?
3, 7, 31, 131
List the prime factors of 9211164.
2, 3, 767597
List the prime factors of 25130.
2, 5, 7, 359
List the prime factors of 4424145.
3, 5, 11, 26813
What are the prime factors of 190331?
190331
What are the prime factors of 612036?
2, 3, 1889
What are the prime factors of 5759007?
3, 1919669
List the prime factors of 3601740.
2, 3, 5, 60029
What are the prime factors of 741364?
2, 13, 53, 269
List the prime factors of 7370.
2, 5, 11, 67
List the prime factors of 396738.
2, 3, 31, 79
List the prime factors of 15268755.
3, 5, 373, 2729
What are the prime factors of 13421491?
37, 362743
List the prime factors of 15802973.
43, 59, 6229
What are the prime factors of 313221?
3, 131, 797
List the prime factors of 26707925.
5, 79, 13523
What are the prime factors of 3636906?
2, 3, 7, 13, 6661
What are the prime factors of 1716946?
2, 7, 11, 11149
What are the prime factors of 37?
37
List the prime factors of 1976801.
1193, 1657
What are the prime factors of 2358601?
7, 47, 67, 107
List the prime factors of 3288236.
2, 7, 117437
What are the prime factors of 113423?
101, 1123
What are the prime factors of 27226869?
3, 43, 211061
List the prime factors of 211771.
7, 30253
What are the prime factors of 150640?
2, 5, 7, 269
What are the prime factors of 89266?
2, 44633
What are the prime factors of 36242118?
2, 3, 11, 183041
List the prime factors of 1731120.
2, 3, 5, 7213
List the prime factors of 5443208.
2, 680401
List the prime factors of 1290508.
2, 322627
What are the prime factors of 72712?
2, 61, 149
What are the prime factors of 3543467?
3543467
What are the prime factors of 151644?
2, 3, 12637
What are the prime factors of 15454309?
13, 17, 69929
List the prime factors of 1294787.
13, 137, 727
What are the prime factors of 42463?
42463
What are the prime factors of 39971?
39971
List the prime factors of 295774.
2, 41, 3607
What are the prime factors of 4134635?
5, 826927
What are the prime factors of 213100?
2, 5, 2131
What are the prime factors of 296930?
2, 5, 23, 1291
What are the prime factors of 790149?
3, 263383
What are the prime factors of 923131?
11, 83921
List the prime factors of 4248260.
2, 5, 311, 683
What are the prime factors of 30431?
30431
What are the prime factors of 156874?
2, 78437
List the prime factors of 1228.
2, 307
What are the prime factors of 296888?
2, 17, 37, 59
List the prime factors of 5345203.
5345203
List the prime factors of 514047.
3, 53, 61
List the prime factors of 2134465.
5, 426893
What are the prime factors of 221364?
2, 3, 11, 13, 43
What are the prime factors of 2775191?
79, 35129
List the prime factors of 512321.
512321
List the prime factors of 5859547.
5859547
What are the prime factors of 21228098?
2, 1051, 10099
What are the prime factors of 602783?
4